58?
6
What is the units digit of 1638776?
6
What is the hundred thousands digit of 1104208?
1
What is the thousands digit of 2820172?
0
What is the tens digit of 1864044?
4
What is the thousands digit of 27078654?
8
What is the thousands digit of 2800727?
0
What is the units digit of 567323?
3
What is the hundreds digit of 232519?
5
What is the tens digit of 1641585?
8
What is the ten thousands digit of 373455?
7
What is the thousands digit of 214767?
4
What is the hundred thousands digit of 19538168?
5
What is the thousands digit of 621129?
1
What is the units digit of 1007?
7
What is the tens digit of 849208?
0
What is the hundreds digit of 7909993?
9
What is the millions digit of 1211711?
1
What is the hundreds digit of 1073680?
6
What is the hundreds digit of 1105481?
4
What is the ten thousands digit of 94807?
9
What is the hundreds digit of 377608?
6
What is the hundreds digit of 80644?
6
What is the units digit of 53976?
6
What is the ten thousands digit of 2675754?
7
What is the millions digit of 1303439?
1
What is the ten thousands digit of 4459182?
5
What is the hundreds digit of 1120815?
8
What is the tens digit of 5126726?
2
What is the thousands digit of 9289024?
9
What is the thousands digit of 3094?
3
What is the hundreds digit of 190912?
9
What is the thousands digit of 283639?
3
What is the units digit of 318847?
7
What is the ten thousands digit of 2184643?
8
What is the tens digit of 54426?
2
What is the hundred thousands digit of 466183?
4
What is the units digit of 41866?
6
What is the hundreds digit of 8321396?
3
What is the ten thousands digit of 499925?
9
What is the ten thousands digit of 524676?
2
What is the tens digit of 273961?
6
What is the hundreds digit of 690930?
9
What is the thousands digit of 5715675?
5
What is the thousands digit of 6441612?
1
What is the hundreds digit of 826692?
6
What is the hundred thousands digit of 2627872?
6
What is the thousands digit of 5845638?
5
What is the tens digit of 376787?
8
What is the hundreds digit of 1108821?
8
What is the hundreds digit of 330955?
9
What is the units digit of 1295409?
9
What is the tens digit of 610620?
2
What is the ten thousands digit of 5621887?
2
What is the millions digit of 11668829?
1
What is the millions digit of 3325892?
3
What is the thousands digit of 768075?
8
What is the hundred thousands digit of 24465163?
4
What is the tens digit of 5260688?
8
What is the units digit of 439063?
3
What is the ten thousands digit of 3361091?
6
What is the ten millions digit of 15448981?
1
What is the ten thousands digit of 2864295?
6
What is the thousands digit of 12756935?
6
What is the hundreds digit of 1564403?
4
What is the thousands digit of 390057?
0
What is the hundred thousands digit of 487250?
4
What is the hundreds digit of 153667?
6
What is the thousands digit of 636277?
6
What is the hundreds digit of 213981?
9
What is the hundreds digit of 396995?
9
What is the hundreds digit of 26915?
9
What is the hundreds digit of 13995238?
2
What is the hundreds digit of 16647676?
6
What is the tens digit of 18594224?
2
What is the ten millions digit of 37631603?
3
What is the millions digit of 2012090?
2
What is the ten thousands digit of 3344841?
4
What is the tens digit of 664460?
6
What is the ten thousands digit of 43628?
4
What is the hundred thousands digit of 198775?
1
What is the thousands digit of 31704?
1
What is the thousands digit of 80965?
0
What is the hundred thousands digit of 160201?
1
What is the thousands digit of 7460109?
0
What is the hundreds digit of 232655?
6
What is the units digit of 16538367?
7
What is the ten millions digit of 30719827?
3
What is the hundreds digit of 11547088?
0
What is the ten thousands digit of 787316?
8
What is the thousands digit of 8747053?
7
What is the ten thousands digit of 959499?
5
What is the hundreds digit of 9993?
9
What is the millions digit of 9551070?
9
What is the thousands digit of 166356?
6
What is the ten thousands digit of 522805?
2
What is the hundreds digit of 30053301?
3
What is the tens digit of 1184805?
0
What is the tens digit of 18928609?
0
What is the hundreds digit of 2652180?
1
What is the ten thousands digit of 945883?
4
What is the units digit of 292705?
5
What is the units digit of 8636243?
3
What is the thousands digit of 131433?
1
What is the ten thousands digit of 422458?
2
What is the thousands digit of 296130?
6
What is the ten thousands digit of 55022?
5
What is the hundreds digit of 152555?
5
What is the units digit of 9705564?
4
What is the tens digit of 692266?
6
What is the hundred thousands digit of 2968802?
9
What is the units digit of 192981?
1
What is the thousands digit of 1164363?
4
What is the units digit of 4051914?
4
What is the units digit of 795323?
3
What is the units digit of 2181418?
8
What is the hundreds digit of 86955?
9
What is the hundred thousands digit of 1646473?
6
What is the millions digit of 3368965?
3
What is the hundreds digit of 518439?
4
What is the units digit of 4027749?
9
What is the ten thousands digit of 215735?
1
What is the ten thousands digit of 464058?
6
What is the tens digit of 334722?
2
What is the units digit of 7304603?
3
What is the thousands digit of 12724621?
4
What is the hundreds digit of 4599792?
7
What is the thousands digit of 333339?
3
What is the hundreds digit of 391532?
5
What is the tens digit of 7854682?
8
What is the tens digit of 359039?
3
What is the hundred thousands digit of 3591615?
5
What is the units digit of 23070?
0
What is the ten thousands digit of 422729?
2
What is the millions digit of 1454321?
1
What is the tens digit of 44455?
5
What is the hundred thousands digit of 1491187?
4
What is the ten thousands digit of 1890140?
9
What is the hundred thousands digit of 1260658?
2
What is the ten thousands digit of 213413?
1
What is the hundred thousands digit of 616791?
6
What is the hundred thousands digit of 29544742?
5
What is the hundred thousands digit of 1319861?
3
What is the hundred thousands digit of 2585725?
5
What is the millions digit of 4923386?
4
What is the units digit of 3222?
2
What is the ten thousands digit of 2951154?
5
What is the hundreds digit of 23949418?
4
What is the hundred thousands digit of 5714346?
7
What is the hundreds digit of 10034128?
1
What is the hundreds digit of 182358?
3
What is the ten thousands digit of 10308119?
0
What is the millions digit of 1052207?
1
What is the thousands digit of 751923?
1
What is the ten thousands digit of 11886?
1
What is the hundreds digit of 9366435?
4
What is the hundreds digit of 16444872?
8
What is the tens digit of 19543822?
2
What is the tens digit of 276298?
9
What is the hundred thousands digit of 902590?
9
What is the tens digit of 2491930?
3
What is the hundred thousands digit of 7469170?
4
What is the ten thousands digit of 287656?
8
What is the units digit of 7733125?
5
What is the hundred thousands digit of 5500184?
5
What is the units digit of 248000?
0
What is the thousands digit of 1158082?
8
What is the hundred thousands digit of 1901190?
9
What is the thousands digit of 682231?
2
What is the units digit of 185858?
8
What is the hundreds digit of 17893279?
2
What is the ten thousands digit of 21248838?
4
What is the tens digit of 5206199?
9
What is the millions digit of 40748046?
0
What is the units digit of 838839?
9
What is the tens digit of 309407?
0
What is the thousands digit of 12472414?
2
What is the ten thousands digit of 498812?
9
What is the tens digit of 4758468?
6
What is the thousands digit of 257866?
7
What is the tens digit of 249662?
6
What is the ten thousands digit of 204868?
0
What is the tens digit of 618610?
1
What is the thousands digit of 222750?
2
What is the tens digit of 3713480?
8
What is the thousands digit of 953975?
3
What is the millions digit of 3490160?
3
What is the units digit of 9391926?
6
What is the thousands digit of 232790?
2
What is the ten thousands digit of 33530769?
3
What is the millions digit of 26911710?
6
What is the thousands digit of 2764814?
4
What is the millions digit of 4106015?
4
What is the units digit of 6945199?
9
What is the thousands digit of 4879570?
9
What is the ten thousands digit of 1833228?
3
What is the millions digit of 1362114?
1
What is the hundr